40211 (base 5) to base 14.
16413
What is -7ba9d (base 14) in base 3?
-120022011101
6416034 (base 8) to base 2
110100001110000011100
Convert -201031233 (base 4) to base 2.
-100001001101101111
Convert 5339755 (base 10) to base 4.
110113221223
What is -4195b (base 12) in base 9?
-141018
360990 (base 10) to base 12
154aa6
What is 6403346 (base 8) in base 11?
a65579
Convert 309224a (base 13) to base 5.
12233223040
What is -65b39 (base 15) in base 3?
-121102021200
Convert -20a9291 (base 12) to base 5.
-3041222102
What is -1377370 (base 9) in base 6?
-24142100
Convert -10202616 (base 9) to base 3.
-100020002200120
What is -1110111010011011100 (base 2) in base 14?
-ca12c
7a501 (base 11) to base 5
12211103
What is 2280403 (base 14) in base 12?
560b643
1690b6 (base 13) to base 3
1001120201100
177217 (base 14) to base 3
1112222112211
-16889a (base 11) to base 9
-436450
7243815 (base 10) to base 7
115366665
What is -1ccc33 (base 15) in base 11?
-8834a0
What is 211000012222 (base 3) in base 2?
1101001110000100011
3020103040 (base 5) to base 10
6019145
Convert 42a88 (base 11) to base 5.
4000112
Convert -bc46 (base 15) to base 13.
-15207
What is 894a7 (base 12) in base 9?
306761
What is 100300230 (base 4) in base 6?
1245500
What is -4049 (base 14) in base 6?
-123041
Convert -d0d853 (base 14) to base 13.
-15c14b3
Convert c826 (base 13) to base 5.
1341443
ab7ad (base 15) to base 11
342608
Convert 393a3 (base 13) to base 5.
11343341
Convert -100111100110111000 (base 2) to base 14.
-431a0
What is -111132113 (base 4) in base 14?
-240ab
What is -43049 (base 11) in base 6?
-1201510
-17a97 (base 14) to base 11
-40959
What is -100101000100110111 (base 2) in base 4?
-211010313
What is 203a1 (base 16) in base 9?
221057
504166 (base 7) to base 10
85504
-77833 (base 16) to base 2
-1110111100000110011
Convert 2021113031 (base 4) to base 3.
1001120210102
Convert 9796 (base 10) to base 9.
14384
-1031230333 (base 4) to base 5
-40141041
-11001010000010 (base 2) to base 12
-7596
What is 592518 (base 10) in base 9?
1102703
3282080 (base 10) to base 3
20011202011112
-237287 (base 9) to base 3
-21021022221
What is -1761862 (base 9) in base 8?
-3604757
What is -44012603 (base 7) in base 6?
-212433052
Convert -13220111330 (base 4) to base 15.
-297a02
634414 (base 9) to base 12
16237a
71966 (base 11) to base 6
2130003
Convert -48bbc (base 15) to base 7.
-1654554
Convert -1203521 (base 6) to base 9.
-105434
-1c1bed (base 15) to base 7
-14445523
Convert -341024 (base 7) to base 13.
-21641
-527c8 (base 14) to base 4
-300213030
Convert -615010 (base 7) to base 5.
-11324330
What is -a9bbba (base 15) in base 13?
-18a2ba4
What is 60063516 (base 7) in base 15?
67dad6
355325434 (base 6) to base 2
11001100011011111011110
Convert -10000110011011111010 (base 2) to base 15.
-ad250
-25563 (base 7) to base 9
-10303
-1123341 (base 7) to base 2
-100010010010101111
11222331 (base 5) to base 2
11000110011010111
What is -41642402 (base 7) in base 10?
-3523151
What is -2301301301 (base 4) in base 13?
-1c6598
-13203022133 (base 4) to base 13
-543a3a
-3013010202 (base 4) to base 16
-c7122
10323333021 (base 4) to base 11
80445a
What is 178a3a (base 13) in base 12?
2458b3
What is 301022400 (base 5) in base 2?
100100010010011101100
-23b518a (base 12) to base 5
-3240033300
-4847868 (base 11) to base 6
-500550343
71156 (base 12) to base 16
23e92
What is 4001425 (base 6) in base 8?
555171
Convert 13315614 (base 9) to base 2.
11001000010110100011000
2356425 (base 10) to base 8
10772311
What is 6636042 (base 12) in base 15?
1a9c482
What is -724 (base 8) in base 16?
-1d4
What is -105cc (base 15) in base 3?
-2122020210
Convert a14c7 (base 13) to base 8.
1063606
-2077b (base 13) to base 11
-3a978
-74888b (base 16) to base 3
-112101000011201
Convert -26234041 (base 7) to base 13.
-65b2a0
What is 478676 (base 9) in base 7?
2311065
Convert -1494250 (base 14) to base 16.
-992afe
Convert 6784876 (base 10) to base 5.
3214104001
What is -144693 (base 13) in base 2?
-1111000111101100011
-347686 (base 11) to base 15
-ad7a4
What is 2147474 (base 9) in base 8?
4315205
Convert -15566032 (base 8) to base 7.
-42410560
-188254 (base 11) to base 16
-46968
What is 10062776 (base 8) in base 13?
59458b
64719 (base 14) to base 4
323102303
220166 (base 8) to base 3
10202022001
What is -51371073 (base 8) in base 14?
-16314dd
-220003030 (base 4) to base 16
-280cc
644150 (base 7) to base 2
11011010100011110
What is -716213 (base 10) in base 8?
-2566665
What is 2167216 (base 8) in base 15?
b868d
What is -1010220222101 (base 3) in base 4?
-2110212322
What is -167462 (base 12) in base 8?
-1361712
Convert -1744964 (base 12) to base 4.
-102120201130
What is 1603160 (base 13) in base 4?
122323332131
What is 31666300 (base 7) in base 13?
739732
-115043531 (base 7) to base 8
-33326041
What is -a615a (base 11) in base 16?
-25bd6
What is 1100010001001001001000 (base 2) in base 13?
887a34
Convert -130532004 (base 6) to base 12.
-a37004
-726719 (base 11) to base 10
-1165492
142d65 (base 16) to base 10
1322341
Convert -74126a (base 12) to base 5.
-431424431
-110011000000011010 (base 2) to base 13
-7412c
What is -ba0a (base 16) in base 7?
-255565
Convert -100101101111110001000001 (base 2) to base 13.
-2085b21
What is 193621 (base 12) in base 10?
441529
Convert ebb34e (base 15) to base 6.
1040340115
Convert 489847 (base 11) to base 2.
10111101000010111010
Convert 410555210 (base 6) to base 11.
3a81a51
-4559a7 (base 11) to base 16
-b1116
Convert 43030466 (base 8) to base 10.
9187638
Convert d7a10 (base 16) to base 13.
24c019
4a3a (base 11) to base 4
1212301
What is 2a38a46 (base 11) in base 9?
10720032
Convert 42354503 (base 8) to base 4.
202131211003
11110021111 (base 3) to base 6
1513534
Convert -257111 (base 8) to base 11.
-61411
What is -20102231030 (base 4) in base 2?
-1000010010101101001100
What is -142b6b4 (base 13) in base 7?
-105231441
Convert -8fbe1 (base 16) to base 3.
-1002220122021
What is 393dcc (base 16) in base 8?
16236714
-647316 (base 9) to base 15
-79519
690502 (base 11) to base 14
208574
-20002320023 (base 4) to base 16
-202e0b
1ff0c9 (base 16) to base 14
3c6bc5
-575547 (base 11) to base 7
-10530536
51440554 (base 6) to base 10
1482838
Convert -22b55 (base 14) to base 5.
-10201201
10002202222 (base 3) to base 7
343025
Convert -4323827 (base 9) to base 16.
-23622d
1101110010110111001 (base 2) to base 15
8de00
-211000110221102 (base 3) to base 7
-201313046
Convert 4313044 (base 5) to base 14.
1c7d1
Convert -bde7 (base 16) to base 15.
-e610
582647 (base 12) to base 3
2122212020001
What is -45042505 (base 6) in base 4?
-11023233221
What is 59c7c (base 13) in base 7?
1254126
Convert 2651526 (base 8) to base 9.
1351130
-53430251 (base 7) to base 9
-8486782
What is -3250504 (base 6) in base 9?
-266424
Convert 4ce693 (base 16) to base 15.
6983e3
What is -94291 (base 11) in base 12?
-6764b
What is 625020 (base 8) in base 13?
73510
-232743 (base 11) to base 15
-7478b
-63646435 (base 7) to base 11
-3063342
What is 21100221120000 (base 3) in base 12?
138a160
Convert -50225313 (base 7) to base 10.
-4158003
-1769465 (base 12) to base 5
-2221242204
Convert 4111132213 (base 5) to base 3.
120121210110021
What is 24415515 (base 7) in base 4?
20112133203
What is 1b4cf (base 16) in base 15?
231ed
-116632 (base 10) to base 16
-1c798
Convert -315b7 (base 12) to base 4.
-33310123
Convert 121203032213 (base 4) to base 8.
31431647
What is 22c1d1 (base 15) in base 12?
681221
What is 4013223 (base 6) in base 7?
1414005
3133321242 (base 5) to base 6
352115212
What is 37fc1e (base 16) in base 6?
210350114
14819f (base 16) to base 4
11020012133
What is -39680a (base 11) in base 13?
-18ac83
-1b389 (base 15) to base 6
-1521550
222b78 (base 16) to base 3
11012202210222
-1e6ac (base 16) to base 3
-20022220101
What is 21401110 (base 5) in base 15?
39a20
-12701543 (base 8) to base 3
-12100212202220
What is -1545375 (base 8) in base 11?
-284520
What is 122310423 (base 6) in base 4?
20333211033
Convert 2514312 (base 6) to base 15.
29c98
What is 156627 (base 10) in base 3?
21221212000
Convert 367228 (base 11) to base 2.
10001101101111101100
78778 (base 9) to base 13
1ab07
3323200113 (base 4) to base 9
1840110
1247a3 (base 11) to base 3
100222201010
What is 1303413442 (